{"id":2691,"date":"2023-12-19T16:05:51","date_gmt":"2023-12-19T14:05:51","guid":{"rendered":"https:\/\/aktesteatre.com\/event\/manana-cuentos-campana-escolar-en-montornes-del-valles\/"},"modified":"2023-12-19T16:09:27","modified_gmt":"2023-12-19T14:09:27","slug":"manana-cuentos-campana-escolar-en-montornes-del-valles","status":"publish","type":"tribe_events","link":"https:\/\/aktesteatre.com\/es\/event\/manana-cuentos-campana-escolar-en-montornes-del-valles\/","title":{"rendered":"Ma\u00f1ana. Cuentos. Campa\u00f1a escolar en Montorn\u00e9s del Vall\u00e9s."},"content":{"rendered":"","protected":false},"excerpt":{"rendered":"","protected":false},"author":4,"featured_media":0,"comment_status":"closed","ping_status":"closed","template":"","meta":{"_et_pb_use_builder":"","_et_pb_old_content":"","_et_gb_content_width":"","_tribe_events_status":"","_tribe_events_status_reason":"","_joinchat":[],"footnotes":""},"tags":[],"tribe_events_cat":[],"class_list":["post-2691","tribe_events","type-tribe_events","status-publish","hentry"],"yoast_head":"<!-- This site is optimized with the Yoast SEO plugin v21.7 - https:\/\/yoast.com\/wordpress\/plugins\/seo\/ -->\n<title>Ma\u00f1ana. Cuentos. Campa\u00f1a escolar en Montorn\u00e9s del Vall\u00e9s. - Aktesteatre i Blai Senabre<\/title>\n<meta name=\"robots\" content=\"index, follow, max-snippet:-1, max-image-preview:large, max-video-preview:-1\" \/>\n<link rel=\"canonical\" href=\"https:\/\/aktesteatre.com\/es\/event\/manana-cuentos-campana-escolar-en-montornes-del-valles\/\" \/>\n<meta property=\"og:locale\" content=\"es_ES\" \/>\n<meta property=\"og:type\" content=\"article\" \/>\n<meta property=\"og:title\" content=\"Ma\u00f1ana. Cuentos. Campa\u00f1a escolar en Montorn\u00e9s del Vall\u00e9s. - Aktesteatre i Blai Senabre\" \/>\n<meta property=\"og:url\" content=\"https:\/\/aktesteatre.com\/es\/event\/manana-cuentos-campana-escolar-en-montornes-del-valles\/\" \/>\n<meta property=\"og:site_name\" content=\"Aktesteatre i Blai Senabre\" \/>\n<meta property=\"article:modified_time\" content=\"2023-12-19T14:09:27+00:00\" \/>\n<meta name=\"twitter:card\" content=\"summary_large_image\" \/>\n<script type=\"application\/ld+json\" class=\"yoast-schema-graph\">{\"@context\":\"https:\/\/schema.org\",\"@graph\":[{\"@type\":\"WebPage\",\"@id\":\"https:\/\/aktesteatre.com\/es\/event\/manana-cuentos-campana-escolar-en-montornes-del-valles\/\",\"url\":\"https:\/\/aktesteatre.com\/es\/event\/manana-cuentos-campana-escolar-en-montornes-del-valles\/\",\"name\":\"Ma\u00f1ana. Cuentos. Campa\u00f1a escolar en Montorn\u00e9s del Vall\u00e9s. - Aktesteatre i Blai Senabre\",\"isPartOf\":{\"@id\":\"https:\/\/aktesteatre.com\/es\/#website\"},\"datePublished\":\"2023-12-19T14:05:51+00:00\",\"dateModified\":\"2023-12-19T14:09:27+00:00\",\"breadcrumb\":{\"@id\":\"https:\/\/aktesteatre.com\/es\/event\/manana-cuentos-campana-escolar-en-montornes-del-valles\/#breadcrumb\"},\"inLanguage\":\"es\",\"potentialAction\":[{\"@type\":\"ReadAction\",\"target\":[\"https:\/\/aktesteatre.com\/es\/event\/manana-cuentos-campana-escolar-en-montornes-del-valles\/\"]}]},{\"@type\":\"BreadcrumbList\",\"@id\":\"https:\/\/aktesteatre.com\/es\/event\/manana-cuentos-campana-escolar-en-montornes-del-valles\/#breadcrumb\",\"itemListElement\":[{\"@type\":\"ListItem\",\"position\":1,\"name\":\"Inici\",\"item\":\"https:\/\/aktesteatre.com\/es\/inicio\/\"},{\"@type\":\"ListItem\",\"position\":2,\"name\":\"Eventos\",\"item\":\"https:\/\/aktesteatre.com\/es\/events\/\"},{\"@type\":\"ListItem\",\"position\":3,\"name\":\"Ma\u00f1ana. Cuentos. Campa\u00f1a escolar en Montorn\u00e9s del Vall\u00e9s.\"}]},{\"@type\":\"WebSite\",\"@id\":\"https:\/\/aktesteatre.com\/es\/#website\",\"url\":\"https:\/\/aktesteatre.com\/es\/\",\"name\":\"Aktesteatre i Blai Senabre\",\"description\":\"Alquimista d&#039;il\u00b7lusions\",\"potentialAction\":[{\"@type\":\"SearchAction\",\"target\":{\"@type\":\"EntryPoint\",\"urlTemplate\":\"https:\/\/aktesteatre.com\/es\/?s={search_term_string}\"},\"query-input\":\"required name=search_term_string\"}],\"inLanguage\":\"es\"}]}<\/script>\n<!-- \/ Yoast SEO plugin. -->","yoast_head_json":{"title":"Ma\u00f1ana. Cuentos. Campa\u00f1a escolar en Montorn\u00e9s del Vall\u00e9s. - Aktesteatre i Blai Senabre","robots":{"index":"index","follow":"follow","max-snippet":"max-snippet:-1","max-image-preview":"max-image-preview:large","max-video-preview":"max-video-preview:-1"},"canonical":"https:\/\/aktesteatre.com\/es\/event\/manana-cuentos-campana-escolar-en-montornes-del-valles\/","og_locale":"es_ES","og_type":"article","og_title":"Ma\u00f1ana. Cuentos. Campa\u00f1a escolar en Montorn\u00e9s del Vall\u00e9s. - Aktesteatre i Blai Senabre","og_url":"https:\/\/aktesteatre.com\/es\/event\/manana-cuentos-campana-escolar-en-montornes-del-valles\/","og_site_name":"Aktesteatre i Blai Senabre","article_modified_time":"2023-12-19T14:09:27+00:00","twitter_card":"summary_large_image","schema":{"@context":"https:\/\/schema.org","@graph":[{"@type":"WebPage","@id":"https:\/\/aktesteatre.com\/es\/event\/manana-cuentos-campana-escolar-en-montornes-del-valles\/","url":"https:\/\/aktesteatre.com\/es\/event\/manana-cuentos-campana-escolar-en-montornes-del-valles\/","name":"Ma\u00f1ana. Cuentos. Campa\u00f1a escolar en Montorn\u00e9s del Vall\u00e9s. - Aktesteatre i Blai Senabre","isPartOf":{"@id":"https:\/\/aktesteatre.com\/es\/#website"},"datePublished":"2023-12-19T14:05:51+00:00","dateModified":"2023-12-19T14:09:27+00:00","breadcrumb":{"@id":"https:\/\/aktesteatre.com\/es\/event\/manana-cuentos-campana-escolar-en-montornes-del-valles\/#breadcrumb"},"inLanguage":"es","potentialAction":[{"@type":"ReadAction","target":["https:\/\/aktesteatre.com\/es\/event\/manana-cuentos-campana-escolar-en-montornes-del-valles\/"]}]},{"@type":"BreadcrumbList","@id":"https:\/\/aktesteatre.com\/es\/event\/manana-cuentos-campana-escolar-en-montornes-del-valles\/#breadcrumb","itemListElement":[{"@type":"ListItem","position":1,"name":"Inici","item":"https:\/\/aktesteatre.com\/es\/inicio\/"},{"@type":"ListItem","position":2,"name":"Eventos","item":"https:\/\/aktesteatre.com\/es\/events\/"},{"@type":"ListItem","position":3,"name":"Ma\u00f1ana. Cuentos. Campa\u00f1a escolar en Montorn\u00e9s del Vall\u00e9s."}]},{"@type":"WebSite","@id":"https:\/\/aktesteatre.com\/es\/#website","url":"https:\/\/aktesteatre.com\/es\/","name":"Aktesteatre i Blai Senabre","description":"Alquimista d&#039;il\u00b7lusions","potentialAction":[{"@type":"SearchAction","target":{"@type":"EntryPoint","urlTemplate":"https:\/\/aktesteatre.com\/es\/?s={search_term_string}"},"query-input":"required name=search_term_string"}],"inLanguage":"es"}]}},"_links":{"self":[{"href":"https:\/\/aktesteatre.com\/es\/wp-json\/wp\/v2\/tribe_events\/2691","targetHints":{"allow":["GET"]}}],"collection":[{"href":"https:\/\/aktesteatre.com\/es\/wp-json\/wp\/v2\/tribe_events"}],"about":[{"href":"https:\/\/aktesteatre.com\/es\/wp-json\/wp\/v2\/types\/tribe_events"}],"author":[{"embeddable":true,"href":"https:\/\/aktesteatre.com\/es\/wp-json\/wp\/v2\/users\/4"}],"replies":[{"embeddable":true,"href":"https:\/\/aktesteatre.com\/es\/wp-json\/wp\/v2\/comments?post=2691"}],"version-history":[{"count":1,"href":"https:\/\/aktesteatre.com\/es\/wp-json\/wp\/v2\/tribe_events\/2691\/revisions"}],"predecessor-version":[{"id":2692,"href":"https:\/\/aktesteatre.com\/es\/wp-json\/wp\/v2\/tribe_events\/2691\/revisions\/2692"}],"wp:attachment":[{"href":"https:\/\/aktesteatre.com\/es\/wp-json\/wp\/v2\/media?parent=2691"}],"wp:term":[{"taxonomy":"post_tag","embeddable":true,"href":"https:\/\/aktesteatre.com\/es\/wp-json\/wp\/v2\/tags?post=2691"},{"taxonomy":"tribe_events_cat","embeddable":true,"href":"https:\/\/aktesteatre.com\/es\/wp-json\/wp\/v2\/tribe_events_cat?post=2691"}],"curies":[{"name":"wp","href":"https:\/\/api.w.org\/{rel}","templated":true}]}}

Mañana. Cuentos. Campaña escolar en Montornés del Vallés.

<!-- This site is optimized with the Yoast SEO plugin v21.7 - https://yoast.com/wordpress/plugins/seo/ -->
<title>Mañana. Cuentos. Campaña escolar en Montornés del Vallés. - Aktesteatre i Blai Senabre</title>
<meta name="robots" content="index, follow, max-snippet:-1, max-image-preview:large, max-video-preview:-1" />
<link rel="canonical" href="https://aktesteatre.com/es/event/manana-cuentos-campana-escolar-en-montornes-del-valles/" />
<meta property="og:locale" content="es_ES" />
<meta property="og:type" content="article" />
<meta property="og:title" content="Mañana. Cuentos. Campaña escolar en Montornés del Vallés. - Aktesteatre i Blai Senabre" />
<meta property="og:url" content="https://aktesteatre.com/es/event/manana-cuentos-campana-escolar-en-montornes-del-valles/" />
<meta property="og:site_name" content="Aktesteatre i Blai Senabre" />
<meta property="article:modified_time" content="2023-12-19T14:09:27+00:00" />
<meta name="twitter:card" content="summary_large_image" />
<script type="application/ld+json" class="yoast-schema-graph">{"@context":"https://schema.org","@graph":[{"@type":"WebPage","@id":"https://aktesteatre.com/es/event/manana-cuentos-campana-escolar-en-montornes-del-valles/","url":"https://aktesteatre.com/es/event/manana-cuentos-campana-escolar-en-montornes-del-valles/","name":"Mañana. Cuentos. Campaña escolar en Montornés del Vallés. - Aktesteatre i Blai Senabre","isPartOf":{"@id":"https://aktesteatre.com/es/#website"},"datePublished":"2023-12-19T14:05:51+00:00","dateModified":"2023-12-19T14:09:27+00:00","breadcrumb":{"@id":"https://aktesteatre.com/es/event/manana-cuentos-campana-escolar-en-montornes-del-valles/#breadcrumb"},"inLanguage":"es","potentialAction":[{"@type":"ReadAction","target":["https://aktesteatre.com/es/event/manana-cuentos-campana-escolar-en-montornes-del-valles/"]}]},{"@type":"BreadcrumbList","@id":"https://aktesteatre.com/es/event/manana-cuentos-campana-escolar-en-montornes-del-valles/#breadcrumb","itemListElement":[{"@type":"ListItem","position":1,"name":"Inici","item":"https://aktesteatre.com/es/inicio/"},{"@type":"ListItem","position":2,"name":"Eventos","item":"https://aktesteatre.com/es/events/"},{"@type":"ListItem","position":3,"name":"Mañana. Cuentos. Campaña escolar en Montornés del Vallés."}]},{"@type":"WebSite","@id":"https://aktesteatre.com/es/#website","url":"https://aktesteatre.com/es/","name":"Aktesteatre i Blai Senabre","description":"Alquimista d&#039;il·lusions","potentialAction":[{"@type":"SearchAction","target":{"@type":"EntryPoint","urlTemplate":"https://aktesteatre.com/es/?s={search_term_string}"},"query-input":"required name=search_term_string"}],"inLanguage":"es"}]}</script>
<!-- / Yoast SEO plugin. -->

Mañana. Cuentos. Campaña escolar en Montornés del Vallés. - Aktesteatre i Blai Senabre
